{"id":530,"date":"2024-03-14T04:54:36","date_gmt":"2024-03-14T07:54:36","guid":{"rendered":"https:\/\/inovatec.peoplesciencebr.com\/?page_id=530"},"modified":"2024-03-18T22:09:36","modified_gmt":"2024-03-19T01:09:36","slug":"incricoes","status":"publish","type":"page","link":"https:\/\/inovatec.peoplesciencebr.com\/index.php\/incricoes\/","title":{"rendered":"Inscri\u00e7\u00f5es"},"content":{"rendered":"\t\t<div data-elementor-type=\"wp-page\" data-elementor-id=\"530\" class=\"elementor elementor-530\" data-elementor-post-type=\"page\">\n\t\t\t\t<div data-particle_enable=\"false\" data-particle-mobile-disabled=\"false\" class=\"elementor-element elementor-element-17052b7 e-flex e-con-boxed e-con e-parent\" data-id=\"17052b7\" data-element_type=\"container\" data-settings=\"{&quot;background_background&quot;:&quot;classic&quot;}\" data-core-v316-plus=\"true\">\n\t\t\t\t\t<div class=\"e-con-inner\">\n\t\t<div data-particle_enable=\"false\" data-particle-mobile-disabled=\"false\" class=\"elementor-element elementor-element-dc6caa7 e-flex e-con-boxed e-con e-child\" data-id=\"dc6caa7\" data-element_type=\"container\">\n\t\t\t\t\t<div class=\"e-con-inner\">\n\t\t\t\t<div class=\"elementor-element elementor-element-2d4b73c elementor-icon-list--layout-inline elementor-align-center elementor-list-item-link-full_width elementor-widget elementor-widget-icon-list\" data-id=\"2d4b73c\" data-element_type=\"widget\" data-widget_type=\"icon-list.default\">\n\t\t\t\t<div class=\"elementor-widget-container\">\n\t\t\t<link rel=\"stylesheet\" href=\"https:\/\/inovatec.peoplesciencebr.com\/wp-content\/plugins\/elementor\/assets\/css\/widget-icon-list.min.css\">\t\t<ul class=\"elementor-icon-list-items elementor-inline-items\">\n\t\t\t\t\t\t\t<li class=\"elementor-icon-list-item elementor-inline-item\">\n\t\t\t\t\t\t\t\t\t\t\t<a href=\"https:\/\/inovatec.peoplesciencebr.com\">\n\n\t\t\t\t\t\t\t\t\t\t\t<span class=\"elementor-icon-list-text\">Home<\/span>\n\t\t\t\t\t\t\t\t\t\t\t<\/a>\n\t\t\t\t\t\t\t\t\t<\/li>\n\t\t\t\t\t\t\t\t<li class=\"elementor-icon-list-item elementor-inline-item\">\n\t\t\t\t\t\t\t\t\t\t\t<span class=\"elementor-icon-list-icon\">\n\t\t\t\t\t\t\t<svg aria-hidden=\"true\" class=\"e-font-icon-svg e-fas-chevron-right\" viewBox=\"0 0 320 512\" xmlns=\"http:\/\/www.w3.org\/2000\/svg\"><path d=\"M285.476 272.971L91.132 467.314c-9.373 9.373-24.569 9.373-33.941 0l-22.667-22.667c-9.357-9.357-9.375-24.522-.04-33.901L188.505 256 34.484 101.255c-9.335-9.379-9.317-24.544.04-33.901l22.667-22.667c9.373-9.373 24.569-9.373 33.941 0L285.475 239.03c9.373 9.372 9.373 24.568.001 33.941z\"><\/path><\/svg>\t\t\t\t\t\t<\/span>\n\t\t\t\t\t\t\t\t\t\t<span class=\"elementor-icon-list-text\">Inscri\u00e7\u00e3o<\/span>\n\t\t\t\t\t\t\t\t\t<\/li>\n\t\t\t\t\t\t<\/ul>\n\t\t\t\t<\/div>\n\t\t\t\t<\/div>\n\t\t\t\t<div class=\"elementor-element elementor-element-308fd18 elementor-widget elementor-widget-heading\" data-id=\"308fd18\" data-element_type=\"widget\" data-widget_type=\"heading.default\">\n\t\t\t\t<div class=\"elementor-widget-container\">\n\t\t\t<style>\/*! elementor - v3.20.0 - 11-03-2024 *\/\n.elementor-heading-title{padding:0;margin:0;line-height:1}.elementor-widget-heading .elementor-heading-title[class*=elementor-size-]>a{color:inherit;font-size:inherit;line-height:inherit}.elementor-widget-heading .elementor-heading-title.elementor-size-small{font-size:15px}.elementor-widget-heading .elementor-heading-title.elementor-size-medium{font-size:19px}.elementor-widget-heading .elementor-heading-title.elementor-size-large{font-size:29px}.elementor-widget-heading .elementor-heading-title.elementor-size-xl{font-size:39px}.elementor-widget-heading .elementor-heading-title.elementor-size-xxl{font-size:59px}<\/style><h2 class=\"elementor-heading-title elementor-size-default\">Inscri\u00e7\u00e3o<\/h2>\t\t<\/div>\n\t\t\t\t<\/div>\n\t\t\t\t\t<\/div>\n\t\t\t\t<\/div>\n\t\t\t\t\t<\/div>\n\t\t\t\t<\/div>\n\t\t<div data-particle_enable=\"false\" data-particle-mobile-disabled=\"false\" class=\"elementor-element elementor-element-efa6cd7 e-flex e-con-boxed e-con e-parent\" data-id=\"efa6cd7\" data-element_type=\"container\" data-settings=\"{&quot;background_background&quot;:&quot;gradient&quot;}\" data-core-v316-plus=\"true\">\n\t\t\t\t\t<div class=\"e-con-inner\">\n\t\t\t\t<div class=\"elementor-element elementor-element-ecdf4cd eael-toggle-center elementor-widget elementor-widget-eael-toggle\" data-id=\"ecdf4cd\" data-element_type=\"widget\" data-settings=\"{&quot;toggle_switch_alignment&quot;:&quot;center&quot;}\" data-widget_type=\"eael-toggle.default\">\n\t\t\t\t<div class=\"elementor-widget-container\">\n\t\t\t        <div class=\"eael-toggle-container\" id=\"eael-toggle-container-ecdf4cd\">\n            <div class=\"eael-toggle-switch-wrap\">\n                <div class=\"eael-toggle-switch-inner\">\n\n                    <div class=\"eael-primary-toggle-label\">\n                        V INOVATEC                    <\/div>\n                    <div class=\"eael-toggle-switch-container eael-toggle-switch-round\">\n                        <label class=\"eael-toggle-switch\">\n                            <input type=\"checkbox\">\n                            <span class=\"eael-toggle-slider\"><\/span>\n                        <\/label>\n                    <\/div>\n\n                    <div class=\"eael-secondary-toggle-label\">\n                        FEIRA DE EXPOSI\u00c7\u00d5ES                    <\/div>\n\n                <\/div>\n            <\/div>\n            <div class=\"eael-toggle-content-wrap primary\">\n                <div class=\"eael-toggle-primary-wrap\">\n                    <style>.elementor-536 .elementor-element.elementor-element-1286f40{--display:flex;--flex-direction:column;--container-widget-width:100%;--container-widget-height:initial;--container-widget-flex-grow:0;--container-widget-align-self:initial;--background-transition:0.3s;}.elementor-536 .elementor-element.elementor-element-f8c6c12{--display:flex;--background-transition:0.3s;border-style:solid;--border-style:solid;border-width:1px 1px 1px 1px;--border-block-start-width:1px;--border-inline-end-width:1px;--border-block-end-width:1px;--border-inline-start-width:1px;border-color:#FFFFFF;--border-color:#FFFFFF;--border-radius:21px 21px 21px 21px;--padding-block-start:50px;--padding-block-end:50px;--padding-inline-start:50px;--padding-inline-end:50px;}.elementor-536 .elementor-element.elementor-element-f8c6c12, .elementor-536 .elementor-element.elementor-element-f8c6c12::before{--border-transition:0.3s;}.elementor-536 .elementor-element.elementor-element-ec932a2 .elementor-heading-title{color:#0094E4;}.elementor-536 .elementor-element.elementor-element-d261b72{color:#FFFFFF;}<\/style>\t\t<div data-elementor-type=\"section\" data-elementor-id=\"536\" class=\"elementor elementor-536\" data-elementor-post-type=\"elementor_library\">\n\t\t\t\t\t<div class=\"elementor-section-wrap\">\n\t\t\t\t\t\t<div data-particle_enable=\"false\" data-particle-mobile-disabled=\"false\" class=\"elementor-element elementor-element-1286f40 e-flex e-con-boxed e-con e-parent\" data-id=\"1286f40\" data-element_type=\"container\" data-core-v316-plus=\"true\">\n\t\t\t\t\t<div class=\"e-con-inner\">\n\t\t<div data-particle_enable=\"false\" data-particle-mobile-disabled=\"false\" class=\"elementor-element elementor-element-f8c6c12 e-flex e-con-boxed e-con e-child\" data-id=\"f8c6c12\" data-element_type=\"container\" data-settings=\"{&quot;background_background&quot;:&quot;classic&quot;}\">\n\t\t\t\t\t<div class=\"e-con-inner\">\n\t\t\t\t<div class=\"elementor-element elementor-element-ec932a2 elementor-widget elementor-widget-heading\" data-id=\"ec932a2\" data-element_type=\"widget\" data-widget_type=\"heading.default\">\n\t\t\t\t<div class=\"elementor-widget-container\">\n\t\t\t<h2 class=\"elementor-heading-title elementor-size-default\">V INOVATEC<\/h2>\t\t<\/div>\n\t\t\t\t<\/div>\n\t\t\t\t<div class=\"elementor-element elementor-element-d261b72 elementor-widget elementor-widget-text-editor\" data-id=\"d261b72\" data-element_type=\"widget\" data-widget_type=\"text-editor.default\">\n\t\t\t\t<div class=\"elementor-widget-container\">\n\t\t\t<style>\/*! elementor - v3.20.0 - 11-03-2024 *\/\n.elementor-widget-text-editor.elementor-drop-cap-view-stacked .elementor-drop-cap{background-color:#69727d;color:#fff}.elementor-widget-text-editor.elementor-drop-cap-view-framed .elementor-drop-cap{color:#69727d;border:3px solid;background-color:transparent}.elementor-widget-text-editor:not(.elementor-drop-cap-view-default) .elementor-drop-cap{margin-top:8px}.elementor-widget-text-editor:not(.elementor-drop-cap-view-default) .elementor-drop-cap-letter{width:1em;height:1em}.elementor-widget-text-editor .elementor-drop-cap{float:left;text-align:center;line-height:1;font-size:50px}.elementor-widget-text-editor .elementor-drop-cap-letter{display:inline-block}<\/style>\t\t\t\t<p>Inscreva-se no maior evento de inova\u00e7\u00e3o, sa\u00fade e tecnologia do Centro-Oeste e desfrute de uma rica e variada programa\u00e7\u00e3o. Al\u00e9m do acesso \u00e0s palestras de todos os palcos, feira de exposi\u00e7\u00e3o de tecnologia, exposi\u00e7\u00e3o de Arte&amp;Ci\u00eancia, Vila Tech Coffee e viv\u00eancias culturais, o inscrito tem direito \u00e0 submiss\u00e3o de trabalhos para apresenta\u00e7\u00e3o no evento, certificado de participa\u00e7\u00e3o e de apresenta\u00e7\u00e3o de trabalho, publica\u00e7\u00e3o do resumo em anais de congresso, coquetel de abertura e coffee break durante o evento e ao kit do inscrito.<\/p>\t\t\t\t\t\t<\/div>\n\t\t\t\t<\/div>\n\t\t\t\t<div class=\"elementor-element elementor-element-ceeb644 elementor-widget elementor-widget-html\" data-id=\"ceeb644\" data-element_type=\"widget\" data-widget_type=\"html.default\">\n\t\t\t\t<div class=\"elementor-widget-container\">\n\t\t\t<iframe class=\"stream-element\" style=\"height: 1650px;\" src=\"https:\/\/app.ciente.studio\/inovatec2024\/subscription\" width=\"100%\" height=\"100%\" frameborder=\"0\" marginwidth=\"0\" marginheight=\"0\" scrolling=\"yes\" seamless=\"yes\" allowfullscreen=\"allowfullscreen\"><\/iframe>\t\t<\/div>\n\t\t\t\t<\/div>\n\t\t\t\t\t<\/div>\n\t\t\t\t<\/div>\n\t\t\t\t\t<\/div>\n\t\t\t\t<\/div>\n\t\t\t\t\t\t\t<\/div>\n\t\t\t\t<\/div>\n\t\t                <\/div>\n                <div class=\"eael-toggle-secondary-wrap\">\n                    <style>.elementor-551 .elementor-element.elementor-element-1286f40{--display:flex;--flex-direction:column;--container-widget-width:100%;--container-widget-height:initial;--container-widget-flex-grow:0;--container-widget-align-self:initial;--background-transition:0.3s;}.elementor-551 .elementor-element.elementor-element-f8c6c12{--display:flex;--background-transition:0.3s;border-style:solid;--border-style:solid;border-width:1px 1px 1px 1px;--border-block-start-width:1px;--border-inline-end-width:1px;--border-block-end-width:1px;--border-inline-start-width:1px;border-color:#FFFFFF;--border-color:#FFFFFF;--border-radius:21px 21px 21px 21px;--padding-block-start:50px;--padding-block-end:50px;--padding-inline-start:50px;--padding-inline-end:50px;}.elementor-551 .elementor-element.elementor-element-f8c6c12, .elementor-551 .elementor-element.elementor-element-f8c6c12::before{--border-transition:0.3s;}.elementor-551 .elementor-element.elementor-element-ec932a2 .elementor-heading-title{color:#0094E4;}.elementor-551 .elementor-element.elementor-element-d261b72{color:#FFFFFF;}<\/style>\t\t<div data-elementor-type=\"section\" data-elementor-id=\"551\" class=\"elementor elementor-551\" data-elementor-post-type=\"elementor_library\">\n\t\t\t\t\t<div class=\"elementor-section-wrap\">\n\t\t\t\t\t\t<div data-particle_enable=\"false\" data-particle-mobile-disabled=\"false\" class=\"elementor-element elementor-element-1286f40 e-flex e-con-boxed e-con e-parent\" data-id=\"1286f40\" data-element_type=\"container\" data-core-v316-plus=\"true\">\n\t\t\t\t\t<div class=\"e-con-inner\">\n\t\t<div data-particle_enable=\"false\" data-particle-mobile-disabled=\"false\" class=\"elementor-element elementor-element-f8c6c12 e-flex e-con-boxed e-con e-child\" data-id=\"f8c6c12\" data-element_type=\"container\" data-settings=\"{&quot;background_background&quot;:&quot;classic&quot;}\">\n\t\t\t\t\t<div class=\"e-con-inner\">\n\t\t\t\t<div class=\"elementor-element elementor-element-ec932a2 elementor-widget elementor-widget-heading\" data-id=\"ec932a2\" data-element_type=\"widget\" data-widget_type=\"heading.default\">\n\t\t\t\t<div class=\"elementor-widget-container\">\n\t\t\t<h2 class=\"elementor-heading-title elementor-size-default\">FEIRA DE EXPOSI\u00c7\u00d5ES\n<\/h2>\t\t<\/div>\n\t\t\t\t<\/div>\n\t\t\t\t<div class=\"elementor-element elementor-element-d261b72 elementor-widget elementor-widget-text-editor\" data-id=\"d261b72\" data-element_type=\"widget\" data-widget_type=\"text-editor.default\">\n\t\t\t\t<div class=\"elementor-widget-container\">\n\t\t\t\t\t\t\t<p>Conhe\u00e7a as principais inova\u00e7\u00f5es na III Feira de Inova\u00e7\u00e3o Tecnol\u00f3gica do Distrito Federal, com inscri\u00e7\u00e3o GRATUITA e acesso \u00e0 v\u00e1rios espa\u00e7os no evento: feira de exposi\u00e7\u00e3o de tecnologia, exposi\u00e7\u00e3o de Arte&amp;Ci\u00eancia, Vila Tech Coffee e viv\u00eancias culturais, pain\u00e9is da III Health Tech Day e do Workshop de Bioeconomia. A inscri\u00e7\u00e3o gratuita N\u00c3O confere acesso \u00e0 submiss\u00e3o de trabalhos para apresenta\u00e7\u00e3o no evento, certificado de participa\u00e7\u00e3o e de apresenta\u00e7\u00e3o de trabalho, publica\u00e7\u00e3o do resumo em anais de congresso, coquetel de abertura e coffee break durante o evento e nem ao kit do inscrito.<\/p>\t\t\t\t\t\t<\/div>\n\t\t\t\t<\/div>\n\t\t\t\t<div class=\"elementor-element elementor-element-375a4ca elementor-widget elementor-widget-html\" data-id=\"375a4ca\" data-element_type=\"widget\" data-widget_type=\"html.default\">\n\t\t\t\t<div class=\"elementor-widget-container\">\n\t\t\t<iframe class=\"stream-element\" style=\"height: 1650px;\" src=\"https:\/\/app.ciente.studio\/feirasvinovatec\/subscription\" width=\"100%\" height=\"100%\" frameborder=\"0\" marginwidth=\"0\" marginheight=\"0\" scrolling=\"yes\" seamless=\"yes\" allowfullscreen=\"allowfullscreen\"><\/iframe>\t\t<\/div>\n\t\t\t\t<\/div>\n\t\t\t\t\t<\/div>\n\t\t\t\t<\/div>\n\t\t\t\t\t<\/div>\n\t\t\t\t<\/div>\n\t\t\t\t\t\t\t<\/div>\n\t\t\t\t<\/div>\n\t\t                <\/div>\n            <\/div>\n        <\/div>\n        \t\t<\/div>\n\t\t\t\t<\/div>\n\t\t\t\t\t<\/div>\n\t\t\t\t<\/div>\n\t\t\t\t<\/div>\n\t\t","protected":false},"excerpt":{"rendered":"<p>Home Inscri\u00e7\u00e3o Inscri\u00e7\u00e3o V INOVATEC FEIRA DE EXPOSI\u00c7\u00d5ES V INOVATEC Inscreva-se no maior evento de inova\u00e7\u00e3o, sa\u00fade e tecnologia do Centro-Oeste e desfrute de uma rica e variada programa\u00e7\u00e3o. Al\u00e9m do acesso \u00e0s palestras de todos os palcos, feira de exposi\u00e7\u00e3o de tecnologia, exposi\u00e7\u00e3o de Arte&amp;Ci\u00eancia, Vila Tech Coffee e viv\u00eancias culturais, o inscrito tem [&hellip;]<\/p>\n","protected":false},"author":1,"featured_media":0,"parent":0,"menu_order":0,"comment_status":"closed","ping_status":"closed","template":"elementor_canvas","meta":{"footnotes":""},"_links":{"self":[{"href":"https:\/\/inovatec.peoplesciencebr.com\/index.php\/wp-json\/wp\/v2\/pages\/530"}],"collection":[{"href":"https:\/\/inovatec.peoplesciencebr.com\/index.php\/wp-json\/wp\/v2\/pages"}],"about":[{"href":"https:\/\/inovatec.peoplesciencebr.com\/index.php\/wp-json\/wp\/v2\/types\/page"}],"author":[{"embeddable":true,"href":"https:\/\/inovatec.peoplesciencebr.com\/index.php\/wp-json\/wp\/v2\/users\/1"}],"replies":[{"embeddable":true,"href":"https:\/\/inovatec.peoplesciencebr.com\/index.php\/wp-json\/wp\/v2\/comments?post=530"}],"version-history":[{"count":17,"href":"https:\/\/inovatec.peoplesciencebr.com\/index.php\/wp-json\/wp\/v2\/pages\/530\/revisions"}],"predecessor-version":[{"id":833,"href":"https:\/\/inovatec.peoplesciencebr.com\/index.php\/wp-json\/wp\/v2\/pages\/530\/revisions\/833"}],"wp:attachment":[{"href":"https:\/\/inovatec.peoplesciencebr.com\/index.php\/wp-json\/wp\/v2\/media?parent=530"}],"curies":[{"name":"wp","href":"https:\/\/api.w.org\/{rel}","templated":true}]}}